emainder when 3732 is divided by 209?
179
Calculate the remainder when 4491 is divided by 1389.
324
Calculate the remainder when 10649 is divided by 1152.
281
Calculate the remainder when 14258 is divided by 291.
290
What is the remainder when 59936 is divided by 17?
11
What is the remainder when 5107 is divided by 24?
19
Calculate the remainder when 32051 is divided by 182.
19
What is the remainder when 14403 is divided by 7194?
15
Calculate the remainder when 5427 is divided by 38.
31
What is the remainder when 10214 is divided by 5063?
88
What is the remainder when 19000 is divided by 176?
168
Calculate the remainder when 1705 is divided by 32.
9
What is the remainder when 295295 is divided by 237?
230
Calculate the remainder when 2947 is divided by 147.
7
Calculate the remainder when 37851 is divided by 26.
21
Calculate the remainder when 18733 is divided by 658.
309
What is the remainder when 769766 is divided by 37?
18
What is the remainder when 2665 is divided by 348?
229
Calculate the remainder when 20393 is divided by 207.
107
Calculate the remainder when 10635 is divided by 5199.
237
Calculate the remainder when 15528 is divided by 98.
44
Calculate the remainder when 867885 is divided by 41.
38
Calculate the remainder when 4396 is divided by 1216.
748
Calculate the remainder when 16362 is divided by 631.
587
What is the remainder when 12782 is divided by 2129?
8
What is the remainder when 4873 is divided by 81?
13
Calculate the remainder when 7347 is divided by 7267.
80
Calculate the remainder when 103878 is divided by 980.
978
Calculate the remainder when 311 is divided by 196.
115
Calculate the remainder when 3427 is divided by 675.
52
Calculate the remainder when 23768 is divided by 59.
50
Calculate the remainder when 33746 is divided by 48.
2
What is the remainder when 3726 is divided by 62?
6
Calculate the remainder when 221992 is divided by 74.
66
What is the remainder when 3330 is divided by 3172?
158
Calculate the remainder when 18036 is divided by 55.
51
Calculate the remainder when 11078 is divided by 1822.
146
What is the remainder when 14547 is divided by 1572?
399
Calculate the remainder when 9586 is divided by 141.
139
What is the remainder when 78182 is divided by 83?
79
Calculate the remainder when 157274 is divided by 160.
154
Calculate the remainder when 65968 is divided by 340.
8
Calculate the remainder when 15757 is divided by 891.
610
What is the remainder when 8305 is divided by 833?
808
What is the remainder when 3249 is divided by 207?
144
Calculate the remainder when 121292 is divided by 569.
95
What is the remainder when 2132 is divided by 307?
290
What is the remainder when 15717 is divided by 5231?
24
Calculate the remainder when 26611 is divided by 5307.
76
Calculate the remainder when 4609 is divided by 2298.
13
Calculate the remainder when 45782 is divided by 57.
11
Calculate the remainder when 9628 is divided by 2404.
12
What is the remainder when 584105 is divided by 14?
11
What is the remainder when 392 is divided by 45?
32
What is the remainder when 155529 is divided by 151?
150
What is the remainder when 3499 is divided by 132?
67
Calculate the remainder when 25031 is divided by 11.
6
What is the remainder when 23560 is divided by 198?
196
Calculate the remainder when 3692 is divided by 203.
38
Calculate the remainder when 2912 is divided by 822.
446
Calculate the remainder when 15484 is divided by 1463.
854
Calculate the remainder when 9694 is divided by 461.
13
What is the remainder when 3894 is divided by 356?
334
What is the remainder when 22200 is divided by 149?
148
Calculate the remainder when 2539 is divided by 170.
159
What is the remainder when 5907 is divided by 45?
12
What is the remainder when 1616 is divided by 1240?
376
What is the remainder when 85263 is divided by 9464?
87
Calculate the remainder when 3698 is divided by 50.
48
Calculate the remainder when 3582 is divided by 63.
54
What is the remainder when 19342 is divided by 2138?
100
Calculate the remainder when 714 is divided by 132.
54
Calculate the remainder when 99573 is divided by 108.
105
Calculate the remainder when 15993 is divided by 3848.
601
Calculate the remainder when 411245 is divided by 11.
10
Calculate the remainder when 119065 is divided by 206.
203
Calculate the remainder when 209551 is divided by 1318.
1307
Calculate the remainder when 19791 is divided by 137.
63
Calculate the remainder when 3407 is divided by 837.
59
Calculate the remainder when 1804 is divided by 19.
18
Calculate the remainder when 25841 is divided by 14.
11
What is the remainder when 72260 is divided by 93?
92
What is the remainder when 25010 is divided by 12505?
0
Calculate the remainder when 1428 is divided by 153.
51
Calculate the remainder when 108321 is divided by 699.
675
Calculate the remainder when 16267 is divided by 543.
520
What is the remainder when 29374 is divided by 18?
16
What is the remainder when 10234 is divided by 640?
634
Calculate the remainder when 2621 is divided by 44.
25
Calculate the remainder when 31430 is divided by 45.
20
What is the remainder when 10758 is divided by 1149?
417
What is the remainder when 4905 is divided by 205?
190
What is the remainder when 637 is divided by 77?
21
Calculate the remainder when 430098 is divided by 92.
90
What is the remainder when 179682 is divided by 15?
12
Calculate the remainder when 20281 is divided by 6.
1
What is the remainder when 2512 is divided by 98?
62
What is the remainder when 37262 is divided by 18631?
0
Calculate the remainder when 48351 is divided by 31.
22
Calculate the remainder when 586 is divided by 115.
11
What is the remainder when 32337 is divided by 4042?
1
Calculate the remainder when 10789 is divided by 298.
61
Calculate the remainder when 93039 is divided by 110.
89
What is the remainder when 1696 is divided by 245?
226
Calculate the remainder when 104142 is divided by 51.
0
What is the remainder when 191660 is divided by 36?
32
What is the remainder when 1876 is divided by 1025?
851
Calculate the remainder when 4230 is divided by 46.
44
Calculate the remainder when 66327 is divided by 45.
42
What is the remainder when 7352 is divided by 116?
44
Calculate the remainder when 41010 is divided by 162.
24
Calculate the remainder when 7647063 is divided by 1233.
1230
Calculate the remainder when 45998 is divided by 28.
22
Calculate the remainder when 213401 is divided by 213393.
8
Calculate the remainder when 46359 is divided by 61.
60
What is the remainder when 263428 is divided by 227?
108
What is the remainder when 21777 is divided by 69?
42
What is the remainder when 3297 is divided by 824?
1
What is the remainder when 752 is divided by 530?
222
Calculate the remainder when 1184 is divided by 18.
14
What is the remainder when 245245 is divided by 64?
61
Calculate the remainder when 23021 is divided by 11501.
19
Calculate the remainder when 45107 is divided by 8998.
117
Calculate the remainder when 5916 is divided by 1007.
881
Calculate the remainder when 17113 is divided by 47.
5
Calculate the remainder when 6909 is divided by 161.
147
What is the remainder when 11416 is divided by 407?
20
Calculate the remainder when 267026 is divided by 39.
32
What is the remainder when 8881 is divided by 8872?
9
Calculate the remainder when 5124 is divided by 171.
165
What is the remainder when 1074689 is divided by 670?
9
What is the remainder when 251 is divided by 239?
12
Calculate the remainder when 4305 is divided by 50.
5
Calculate the remainder when 214194 is divided by 26774.
2
Calculate the remainder when 28688 is divided by 956.
8
Calculate the remainder when 1842334 is divided by 779.
778
Calculate the remainder when 826060 is divided by 27.
22
What is the remainder when 136519 is divided by 34129?
3
Calculate the remainder when 64753 is divided by 6468.
73
Calculate the remainder when 244271 is divided by 28.
27
Calculate the remainder when 19942 is divided by 1050.
1042
Calculate the remainder when 30303 is divided by 594.
9
Calculate the remainder when 38356 is divided by 2256.
4
What is the remainder when 871 is divided by 373?
125
Calculate the remainder when 28199 is divided by 2552.
127
Calculate the remainder when 22775 is divided by 5689.
1